5*s**2 - 8*s - 9. Let c be n(-7). Let i = 84 - c. Calculate the greatest common factor of r and i.
27
Suppose v = 10*y - 7*y - 4, -5*v + 5*y + 20 = 0. Let s(t) = 4*t + 3 - 3 - 4. Let i be s(3). Calculate the greatest common divisor of v and i.
8
Let l be -1 + 452 - (-1)/(-1). Suppose 3840 = 11*g - l. What is the highest common factor of 39 and g?
39
Let w = 3047 + -1769. What is the greatest common factor of w and 18?
18
Let t = -53 - -86. Suppose 4*o + t = 7*o. Calculate the greatest common factor of o and 33.
11
Suppose -o = 4*a - 0*o - 5198, -3*a + 3908 = -4*o. Calculate the greatest common divisor of a and 100.
100
Let i be (3*2)/((-9)/(-30)). Let g be 224/(-35)*i/(-2). Let v be g/(-12)*(-9)/6. What is the highest common divisor of v and 32?
8
Let a(c) = c - 5*c**2 - c + 1 - 6*c**2. Let f be a(-1). Let p = f - -13. Calculate the highest common divisor of 27 and p.
3
Let s be 257 - -8*(-6 - 23/(-4)). What is the greatest common divisor of s and 170?
85
Let z = -5 - -30. Suppose -2*r = 2*y - 16, -4*y + 1 + 1 = -2*r. Suppose r = -4*w + 5*x - 0, 0 = 2*w - 5*x + 15. What is the highest common factor of z and w?
5
Let l be (-50)/(-1)*4/10. Suppose 0*y - 2*y + l = 0. Calculate the highest common factor of 15 and y.
5
Suppose -5*b - 2*x = -232, -b + 3*x + 44 = 4*x. Let r(k) = 2*k**2 + 63*k - 67. Let c be r(-33). Calculate the greatest common divisor of b and c.
16
Suppose -20*x = -9*x - 22. Suppose x*u - 13 = -3*o + 16, 3*o + 41 = 5*u. Calculate the greatest common divisor of 25 and u.
5
Let h = -375 - -751. Calculate the highest common divisor of h and 47.
47
Let c = -152 + 158. Let m = 33 + -9. Suppose -4*f + d + m = 4, f = d + 2. Calculate the greatest common divisor of c and f.
6
Let c be (-335)/(-4) - 2/(-8). Let b = -96 + 38. Let j = c + b. Calculate the highest common divisor of j and 208.
26
Suppose 3*g + 2 = 5, -2*t + 65 = -3*g. Calculate the highest common factor of 119 and t.
17
Suppose -51809 = -38*k + 41329. Calculate the greatest common factor of k and 129.
129
Suppose 5*d - 2*k = -4*k + 294, -2*d - 4*k = -108. Suppose -21*j = -19*j - d. What is the highest common divisor of j and 45?
15
Let r be 24/(-252) - 151029/(-189). What is the highest common factor of r and 17?
17
Suppose -9*f = -5*f - 564. Let g be 47/((2 - 3)/(14 - 15)). Calculate the highest common divisor of g and f.
47
Let m(b) = b**2 - 9*b - 2. Let y be m(9). Let r be (3/y)/((-6)/8). What is the greatest common factor of 4 and r?
2
Let i = 49 - 38. Suppose -8*h - 3 = -i. Calculate the highest common factor of h and 10.
1
Suppose 33*h = 11279 + 1426. What is the highest common divisor of 7 and h?
7
Let u be -10*3/12*(-8 - 2). Calculate the greatest common divisor of u and 725.
25
Let m(a) = -248*a - 348. Let l be m(-6). Calculate the highest common divisor of 10 and l.
10
Let d(p) = -p**3 + 4*p**2 + 7*p - 8. Let b be d(4). Let k = 30 - b. Let m be 6/9*(1 + 2). Calculate the highest common factor of m and k.
2
Let b(g) = g + 10. Let x be b(-10). Let z(n) = n**2 - n + 8. Let r be z(x). Suppose 4*i + 48 = r*i. Calculate the highest common divisor of i and 8.
4
Let f be (-2)/7 + 102/14. Suppose 0 = 15*t - 17*t - 22. Let a be 3 - t/((-66)/(-24)). Calculate the highest common factor of f and a.
7
Suppose 386 = 2*p - 2*q, -3*p - 2*q + 514 + 75 = 0. Suppose -2*u = 3*h - 119, -7*u = 5*h - 9*u - 193. Calculate the greatest common factor of h and p.
39
Let b be ((-6)/(-4))/((-322)/(-280) - 1). Let d = -102 + 182. What is the highest common factor of b and d?
10
Let c = -5 - -8. Suppose 2*g - 14 = -2*h, -3*g + 16 = -g + 3*h. Suppose -7 = -g*w + 23. What is the greatest common divisor of w and c?
3
Let n = 220 + -212. What is the highest common divisor of n and 112?
8
Let i be 23 + (5 - 4*(-4)/(-16)). What is the greatest common divisor of i and 675?
27
Let z be 0/((-3)/(-6)*-4). Let l be z/1 - (1 + -708). Let p = l + -483. What is the greatest common factor of p and 28?
28
Let d(x) = -x**2 - 18*x + 12. Let i be d(-18). Calculate the highest common factor of i and 1308.
12
Suppose 3*d + d = 148. Let c = d + -16. Let g = 25 - 18. Calculate the greatest common factor of c and g.
7
Let s = 29 - 29. Suppose -5*i + s*i - 5*d + 5 = 0, 2*i - 5 = -d. Let v be (28*7)/i + 3. What is the highest common divisor of v and 130?
26
Let x = 890 + -862. What is the highest common divisor of 35 and x?
7
Let k be 206/6 - (-3 - 35/(-15)). What is the greatest common factor of k and 15?
5
Let x(l) = 43*l - 16. Let p be x(7). Let u be 1598/19 + (-30)/p. Suppose u = 3*s + s. What is the greatest common divisor of 42 and s?
21
Let j = 102 + -36. Calculate the greatest common factor of 30 and j.
6
Suppose 0 = -78*q + 73*q + 30. Calculate the highest common factor of q and 102.
6
Let h = 368 - 308. What is the greatest common divisor of 150 and h?
30
Suppose 5*h + 7 + 13 = g, -4*g - 15 = -h. Let d be (-10)/25*h - 0. Calculate the greatest common factor of d and 22.
2
Let g(i) = i**3 + 49*i**2 + 64*i + 3. Let n be g(-47). Calculate the highest common divisor of n and 18.
9
Suppose -3*u = -4*i + 254, -3*i + 49 = -u - 144. Calculate the greatest common factor of i and 2080.
65
Let q be (-6)/4*8/(-3). Suppose -4*n = -3*n + q. Let x be (-22)/n*(6 + 4). Calculate the highest common divisor of 11 and x.
11
Let o = -2 + 4. Suppose -3*m - 24 + 79 = 4*t, -o*t = 2*m - 34. Let d(s) = -2*s**2 - 40*s + 2. Let r be d(-17). What is the greatest common factor of m and r?
13
Suppose -4*i + 0 = -56. Suppose 0 = -2*l - 8, -2*x - 5*l + 50 = -x. What is the greatest common divisor of i and x?
14
Let f be 4/(-16) + (37015/(-20))/(-11). Calculate the highest common divisor of 224 and f.
56
Suppose -25 = -5*m - 0*m. Suppose -332 = -5*k + 2*b - 60, -m*b = 2*k - 103. What is the greatest common divisor of 6 and k?
6
Let q = 491 + -421. What is the greatest common divisor of q and 168?
14
Suppose 2*u - 14 = u. Let a = 2191 + -2107. Calculate the highest common factor of a and u.
14
Let v be 1*(-1)/(-2)*0. Suppose 4*s - 20 - 8 = v. Suppose -2*q - 4*p + 28 = 0, 5*q - 5*p - 56 - 14 = 0. What is the greatest common factor of s and q?
7
Let h = -21 - -6. Let o(w) = w**2 + 13*w - 17. Let v be o(h). What is the highest common divisor of 104 and v?
13
Let x(v) = 456*v + 36. Let o be x(2). Calculate the highest common factor of o and 12.
12
Suppose -2*j + 5*d - 23 = 0, -3*d = j - 0*d - 16. Let n be j*((4 - 3) + 3). What is the greatest common divisor of n and 20?
4
Let w = -1 + 4. Let t be (-20)/w*(-108)/30. Suppose p = -0*p + t. What is the greatest common divisor of p and 16?
8
Suppose -5*f + 103 = 3*o, 0 = f - 5*o + 4*o - 11. Let y = -8 - 8. Let h be 1/2*2 - y. What is the greatest common factor of f and h?
17
Let a = 11 + 45. Let m be (56/(-12))/((-6)/(-9)). Let j(v) = v + 21. Let q be j(m). What is the greatest common factor of q and a?
14
Suppose -14 = -3*t - 2*g - 4, -t = -5*g + 8. Suppose -3*u + 93 = 4*m, -t*u - u - 96 = -3*m. Calculate the highest common factor of m and 3.
3
Let g be 3 + 47/2 + 1/(-2). Let o = 37 - g. Suppose i = y - 46, -3*y + 0*i + 126 = 3*i. What is the highest common factor of y and o?
11
Let h be 3/(45/10)*-3. Let z be ((-8)/(-28))/(h/(-42)). Calculate the highest common factor of z and 9.
3
Suppose -4*l - 13*l = -3468. What is the highest common factor of l and 1564?
68
Suppose -7*f = -13*f + 1380. What is the highest common divisor of 80 and f?
10
Suppose -3*j + 10 = -5. Suppose -2*k - 29 = -3*k. Suppose -3*h = -k + j. What is the greatest common divisor of 20 and h?
4
Let p = 21 + -13. Let h be ((0/1)/(-2))/(-3). Suppose -4*w - 51 + 143 = 2*g, -4*w - g + 94 = h. Calculate the highest common divisor of w and p.
8
Let n be (-19)/((-38)/28) + 8. Let m be 2/(-4)*2 + 56. Calculate the greatest common factor of n and m.
11
Let l be ((-135)/(-12))/(284/(-144) + 2). Calculate the highest common divisor of 15 and l.
15
Let z = -44 + 143. What is the highest common divisor of 22 and z?
11
Suppose -9*j + 212 = -5*j - 4*z, -51 = -j - z. What is the greatest common factor of j and 403?
13
Let y = -18 + 71. Let r = y - 8. Calculate the greatest common factor of r and 18.
9
Suppose 13*i - 2*i = -660. Let b = i + 72. What is the highest common divisor of 156 and b?
12
Let l = 46 - 25. Suppose -3*s = -3*v + l, v - s + 4*s = 